te number?
False
Is 115459 prime?
True
Is 960017 a prime number?
True
Is 87889 a composite number?
True
Is 4105 a prime number?
False
Is 19913 a prime number?
True
Is 95177 prime?
True
Is 95582 a prime number?
False
Is 9601 a prime number?
True
Is 35885 a prime number?
False
Is 778903 a prime number?
True
Is 35201 prime?
True
Is 5033 prime?
False
Is 235 composite?
True
Is 62435 prime?
False
Is 112237 a prime number?
True
Is 70561 composite?
True
Is 421463 a prime number?
False
Is 553897 composite?
False
Is 169789 prime?
True
Is 897159 composite?
True
Is 5624169 a composite number?
True
Is 102629 a composite number?
True
Is 85889 a composite number?
False
Is 78121 prime?
True
Is 286289 prime?
True
Is 53549 a composite number?
False
Is 18197 a composite number?
True
Is 9649 composite?
False
Is 3643 composite?
False
Is 13822 composite?
True
Is 8383 a composite number?
True
Is 24305 a composite number?
True
Is 5209 composite?
False
Is 30677 a composite number?
False
Is 95869 composite?
False
Is 22409 a prime number?
True
Is 39965 prime?
False
Is 89773 prime?
False
Is 1283 a prime number?
True
Is 5857 prime?
True
Is 133907 prime?
False
Is 27121 composite?
True
Is 2743 composite?
True
Is 508481 a composite number?
True
Is 10583 prime?
False
Is 321163 a composite number?
False
Is 143 a composite number?
True
Is 605959 a prime number?
False
Is 8779 a composite number?
False
Is 124129 composite?
True
Is 119227 a composite number?
False
Is 16118 composite?
True
Is 746615 composite?
True
Is 12421 prime?
True
Is 223207 composite?
False
Is 530693 composite?
False
Is 318713 prime?
True
Is 8663 composite?
False
Is 743 prime?
True
Is 7411 prime?
True
Is 38297 a prime number?
False
Is 80023 composite?
True
Is 3353 a prime number?
False
Is 310627 prime?
True
Is 8501 composite?
False
Is 73877 a composite number?
False
Is 459749 prime?
True
Is 284797 a prime number?
False
Is 211457 a composite number?
False
Is 28051 composite?
False
Is 16495 prime?
False
Is 905353 prime?
False
Is 247229 a prime number?
True
Is 25945 prime?
False
Is 190787 a prime number?
True
Is 90227 composite?
False
Is 17219 composite?
True
Is 555637 a prime number?
True
Is 157 prime?
True
Is 30031 a composite number?
True
Is 4049 a composite number?
False
Is 14969 a composite number?
False
Is 1106405 a prime number?
False
Is 137351 prime?
False
Is 13117 prime?
False
Is 31643 prime?
True
Is 8513 a prime number?
True
Is 910705 a composite number?
True
Is 55763 composite?
False
Is 4417 prime?
False
Is 15913 a composite number?
False
Is 7033 a prime number?
False
Is 878929 composite?
False
Is 217237 composite?
True
Is 11319551 composite?
False
Is 3317291 prime?
True
Is 188107 composite?
False
Is 4927 a prime number?
False
Is 244579 a composite number?
True
Is 8467 composite?
False
Is 3109 prime?
True
Is 964991 a prime number?
False
Is 198461 a prime number?
True
Is 14695 composite?
True
Is 257327 composite?
True
Is 18229 a composite number?
False
Is 39781 a composite number?
True
Is 96611 a composite number?
True
Is 6521 a prime number?
True
Is 1381255 composite?
True
Is 716483 composite?
False
Is 24841 a composite number?
False
Is 112718 prime?
False
Is 458909 prime?
False
Is 122527 prime?
True
Is 809291 prime?
False
Is 79939 a composite number?
False
Is 36118 a composite number?
True
Is 2237 composite?
False
Is 18519 a composite number?
True
Is 2518777 composite?
True
Is 25591 a prime number?
False
Is 5059 a composite number?
False
Is 69313 prime?
True
Is 14923 composite?
False
Is 37307 a prime number?
True
Is 64099 a composite number?
True
Is 783539 a prime number?
False
Is 25439 composite?
False
Is 907 prime?
True
Is 331271 composite?
True
Is 418393 prime?
False
Is 42191 a composite number?
True
Is 1655 prime?
False
Is 18173 prime?
False
Is 207287 prime?
True
Is 3106295 composite?
True
Is 358 composite?
True
Is 42191 prime?
False
Is 123373 composite?
False
Is 2311159 prime?
True
Is 26981 a prime number?
True
Is 13709 a prime number?
True
Is 257921 a prime number?
True
Is 879607 prime?
True
Is 27613 a prime number?
False
Is 353095 a composite number?
True
Is 16535 composite?
True
Is 219 a prime number?
False
Is 953447 a composite number?
True
Is 70447 prime?
False
Is 596641 a composite number?
True
Is 875371 a composite number?
True
Is 5935 composite?
True
Is 148703 a prime number?
False
Is 2967689 a composite number?
False
Is 424459 composite?
True
Is 57689 a composite number?
False
Is 5294 a composite number?
True
Is 25183 a composite number?
False
Is 101777 a prime number?
False
Is 10237 a composite number?
True
Is 2899 a composite number?
True
Is 977 a prime number?
True
Is 4373 composite?
False
Is 5627 prime?
False
Is 8367 a composite number?
True
Is 89617 a composite number?
True
Is 1067 a composite number?
True
Is 24281 composite?
False
Is 215563 prime?
True
Is 62273 a prime number?
True
Is 9917 a composite number?
True
Is 1959 a composite number?
True
Is 118817 a composite number?
True
Is 15937 composite?
False
Is 218789 composite?
True
Is 7039 composite?
False
Is 243649 a prime number?
False
Is 1721 a composite number?
False
Is 33149 a composite number?
False
Is 172127 composite?
False
Is 2068307 a prime number?
False
Is 5729 a prime number?
False
Is 927526 prime?
False
Is 1459 prime?
True
Is 468613 a composite number?
False
Is 2159 a prime number?
False
Is 6718 a prime number?
False
Is 153623 a composite number?
False
Is 100249 prime?
False
Is 3163 prime?
True
Is 12799 prime?
True
Is 3178445 a composite number?
True
Is 38639 a prime number?
True
Is 205607 a composite number?
False
Is 1050317 prime?
True
Is 201881 composite?
False
Is 47251 composite?
False
Is 3491 composite?
False
Is 235919 prime?
True
Is 589681 a prime number?
True
Is 6823 composite?
False
Is 10379 prime?
False
Is 207743 composite?
False
Is 1567451 composite?
True
Is 27179 a prime number?
True
Is 10499 prime?
True
Is 71697 a prime number?
False
Is 21961 a composite number?
False
Is 28909 a composite number?
False
Is 129917 prime?
True
Is 199687 composite?
False
Is 121195 prime?
False
Is 212171 composite?
True
Is 11821 prime?
True
Is 35969 composite?
False
Is 6805 a prime number?
False
Is 1357933 prime?
False
Is 32827 composite?
True
Is 10289 a prime number?
True
Is 58553 a prime number?
False
Is 2029 a prime number?
True
Is 2755229 a composite number?
True
Is 20798 prime?
False
Is 81269 a composite number?
True
Is 591799 prime?
False
Is 12147 prime?
False
Is 3557 prime?
True
Is 1461047 a prime number?
False
Is 328961 composite?
False
Is 7109 a composite number?
False
Is 1487615 prime?
False
Is 43663 prime?
False
Is 319 composite?
True
Is 278531 composite?
True
Is 1029583 composite?
False
Is 5197 a prime number?
True
Is 740671 composite?
False
Is 56363 prime?
False
Is 472097 a prime number?
False
Is 202173 a composite number?
True
Is 14458 composite?
True
Is 11182 prime?
False
Is 6521 composite?
False
Is 94771 a composite number?
False
Is 36037 a prime number?
True
Is 7985 a prime number?
False
Is 944803 prime?
True
Is 8513 a prime number?
True
Is 10645 a composite number?
True
Is 2747 a prime number?
False
Is 415358 a composite number?
True
Is 54301 prime?
False
Is 1711 composite?
True
Is 141437 a prime number?
False
Is 218047 a prime number?
True
Is 43037 a composite number?
False
Is 150139 composite?
True
Is 937457 a prime number?
False
Is 47914 a prime number?
False
Is 57253 composite?
True
Is 80429 a prime number?
True
Is 1243 a composite number?
True
Is 247469 a composite number?
True
Is 85465 prime?
False
Is 1523 composite?
False
Is 13537 a prime number?
True
Is 3907 a composite number?
False
Is 61057 composite?
False
Is 1499 prime?
True
Is 937807 a prime number?
False
Is 333161 prime?
True
Is 21005 composite?
True
Is 6947 composite?
False
Is 250673 composite?
False
Is 15959 a prime number?
True
Is 629 composite?
True
Is 18367 a composite number?
False
Is 681 prime?
False
Is 1295183 prime?
True
Is 551227 composite?
True
Is 62791 composite?
False
Is 10007 a prime number?
True
Is 152161 a prime number?
False
Is 153929 a prime number?
True
Is 69539 prime?
True
Is 6547 composite?
False
Is 797 a composite number?
False
Is 189593 a composite number?
False
Is 140891 prime?
True
Is 92413 a prime number?
True
Is 158